tor of s and a?
21
Let z(u) = -u**3 - 6*u**2 - 5*u + 2. Let q be z(-5). Let j be (-78)/(0 - 1) - q. Let w = 860698 + -860679. What is the greatest common divisor of w and j?
19
Suppose 24*x - 21*x - 339 = 0. Let w = x - -87. Let c be 34 + 9 - (6 + 9/(-3)). What is the highest common factor of c and w?
40
Suppose -4*y - 2 + 382 = 0. Let n(s) = -2*s**2 + 9*s + 72. Let x be n(-21). Let t = 1018 + x. What is the highest common factor of y and t?
19
Let p be (3 - (-28)/(-8))*-2 + 154. Let u be p/(-60)*-4*3. Calculate the greatest common factor of u and 217.
31
Suppose 3*h - y = -h - 16, 4*y = -16. Let l be h + (3 - 4) + 8. What is the greatest common factor of l and 22?
2
Let t(s) = -s**3 + 21*s**2 + 14*s + 38. Let w be t(21). Let y = w + -263. Calculate the highest common factor of y and 6.
3
Let m = 47 - 43. Suppose 10 = -2*r - 5*f, r + 8 = -r - m*f. Let c be 100 + r - ((-2)/(-1) - 4). What is the highest common divisor of 34 and c?
34
Let l(w) = w**2 - 9*w + 8. Let d be l(0). Suppose -8*s + 4*s - 28 = -v, -2*s - 10 = 0. Calculate the greatest common factor of d and v.
8
Suppose x = 3*s + 483, -218*s + 214*s + 1852 = 4*x. What is the greatest common factor of 7644 and x?
156
Let w be (-1480)/(-35) + (-8)/28. Let k be 7/((-10)/(-45) + (-14)/90). Calculate the greatest common factor of k and w.
21
Let a = -1082 - -3252. Suppose -a = 38*l - 43*l. Calculate the highest common factor of 93 and l.
31
Let y be (96 - 8)*7/(-14). Let f(u) = -u + 250. Let z be f(y). Calculate the highest common factor of 3 and z.
3
Let y be 4*(63/6)/(-7) + -38 + 170. Suppose 0 = -3*t + 900 + 234. Suppose -y = -4*q + t. Calculate the greatest common divisor of 14 and q.
14
Let d = 402 - 391. Suppose 3*s + d*s = 1162. Calculate the highest common divisor of s and 747.
83
Let j = 1873 - 301. Calculate the greatest common factor of j and 84.
12
Let j = -5847 + 6597. Calculate the greatest common factor of j and 12.
6
Let g be (1 - 2)/((-2)/4). Suppose 33*n - 62*n + 348 = 0. Suppose -n = 367*h - 371*h. What is the highest common factor of g and h?
1
Suppose -o = 2, -6*o = 4*q - 8*o - 280. Calculate the greatest common divisor of 5589 and q.
69
Let l = -972 - -4662. What is the greatest common factor of l and 180?
90
Let j be -4*15/(-12) - -21. Let k be ((-100)/(-6))/(j/741). Calculate the highest common divisor of k and 25.
25
Suppose -d - 249*d + 23252 = -11248. Calculate the highest common factor of 2438 and d.
46
Let v be (-8 + 9)*(80 - 1). Let m be (-8)/(-44) - (0 + 489/(-33)). Let j = v - m. What is the greatest common factor of j and 16?
16
Let m(h) = -21*h**3 - 2*h**2 - 6*h - 15. Let j be m(-3). Calculate the greatest common factor of j and 4600.
184
Let r = 1537 + -1258. What is the greatest common factor of r and 117?
9
Let j(f) = -365*f**3 - 14*f**2 - 19*f - 29. Let k be j(-2). Calculate the greatest common divisor of 845 and k.
169
Let k = 14713 + -14657. Calculate the highest common divisor of 2324 and k.
28
Suppose 0 = 5*i - 42 - 73. Let w = 5 - -11. Let s(t) = t**3 - 16*t**2 + 5*t + 35. Let a be s(w). What is the highest common divisor of i and a?
23
Let o(l) = 13*l**2 - l. Let z be o(-1). Suppose 0 = -2*a + 3*m + 1717 - 368, -m = 5*a - 3381. Let d = -536 + a. Calculate the highest common factor of z and d.
14
Let q(j) = 42*j**2 - 73*j + 6. Let a be q(2). Suppose 2*k = 4*k + 4, 3*g + 2*k = 206. Calculate the highest common factor of a and g.
14
Let b be (-1 - 1*-3*(-68)/68) + 1454. Calculate the greatest common divisor of 400 and b.
50
Suppose 227 = 28*x - 389. Calculate the highest common divisor of x and 3674.
22
Let w(s) = -12*s**2 + 408*s + 71. Let l be w(34). What is the highest common factor of 27619 and l?
71
Let i(q) = 4*q**2 - 21*q - 19. Let w be i(7). Suppose t = -4*h + w, 109 = 4*t + h - 41. What is the highest common divisor of t and 418?
38
Suppose 8*c - 8 = 4*c + 2*l, -8 = 2*l. Suppose 2*u - 6 = -c. Suppose 63*p - 5*p - 696 = 0. What is the greatest common divisor of u and p?
3
Let t(l) = -5*l - 8. Let k be t(-6). Let n = 33 - k. Let a = 926 + -882. Calculate the highest common factor of a and n.
11
Let z(d) = -d**3 - d**2 - 7*d - 9. Let x(o) = -3*o**3 + o**2 - o + 1. Let k be x(1). Let l be z(k). Calculate the greatest common divisor of 4 and l.
1
Let p be (1 - -4)*(-2 - -9). Let d = 6 - 7. Let v be (5/d)/((-2)/2). Calculate the highest common factor of p and v.
5
Let h be 112/6*((-4200)/(-49))/5. What is the highest common factor of 64 and h?
64
Suppose 0 = 5*v - 10, -2*w - 19*v = -17*v - 976. Calculate the greatest common divisor of 5670 and w.
162
Let s = -6131 + 7065. Calculate the greatest common divisor of s and 2.
2
Suppose 2*w = -w + 36. Let k(b) = b**3 - b**2 - 7*b - 1. Let d be k(3). Let m(f) = f**2 + f + 18. Let p be m(d). What is the greatest common factor of p and w?
6
Suppose 10 = -5*f, 227*j - 226*j - 49 = -4*f. Calculate the highest common factor of 3933 and j.
57
Let n be (-6 + 187/33)/(1/(-18)). Let r(o) = -11*o**2 + 66*o + 15. Let v be r(n). Suppose 4*z - 305 - 55 = 0. Calculate the greatest common divisor of v and z.
15
Let q = 2620 - 1927. What is the greatest common divisor of q and 504?
63
Suppose -4*s + 600 = 16*f - 4*f, -5*f = 20. What is the highest common factor of 786 and s?
6
Let d be (9/9)/1 - 143/(-1). Let u = d + -34. Calculate the highest common divisor of u and 66.
22
Suppose 179*z - 489 = 5*z + 11*z. What is the highest common divisor of 14361 and z?
3
Suppose 110*f - 11865 = 75*f. What is the highest common divisor of 2260 and f?
113
Let w(y) = y**2 - 7*y - 3. Let a be w(8). Suppose 5*l + 72 = a*n - 8, 2*n = -5*l + 25. Calculate the highest common factor of 15 and n.
15
Let w(i) = 7*i - 6*i + 18 - 2*i. Let d be w(9). Suppose 0 = -5*l - 135 + 360. What is the greatest common divisor of d and l?
9
Suppose -23 - 40 = 3*m - 5*q, -4*q = -3*m - 63. Let p be 11/2 - m/(-14) - -22. What is the highest common divisor of 6 and p?
2
Let o(p) = -p**3 - 4*p**2 - 2*p - 4. Let a be o(-4). Let m be 4895/(-25) + 12/(-10). Let w = m - -241. What is the greatest common divisor of w and a?
4
Let l = -402 + 405. Let r(y) = 80*y - 90. Let f be r(l). Calculate the highest common divisor of f and 350.
50
Let y = 113 - -30. Let k = 2011 + -1998. What is the highest common factor of k and y?
13
Suppose y - 60 = -14*y. Suppose y*m = -2*a + m + 53, 5*m = 4*a - 117. What is the greatest common factor of a and 182?
14
Let i be (2 + -3*5)*-1. Let s(w) = -27*w + 11. Suppose -b + 3*k + 4 = 0, 0 = 3*b + 7*k - 3*k + 14. Let o be s(b). What is the greatest common factor of o and i?
13
Let c be (-32 + -2)/(9 - (7 + 4)). Suppose -5*s + 279 = 2*f - 294, 0 = 3*f + 3*s - 864. What is the highest common divisor of f and c?
17
Let i = -88 - -262. Suppose -2*w + 15 = r - 41, 0 = -3*r - 2*w + 172. Calculate the greatest common factor of r and i.
58
Let h(n) = -132*n**2 + 1590*n - 44. Let u be h(12). Calculate the greatest common divisor of 900 and u.
4
Let x be (-15)/(-25) - (144/(-15))/4. Suppose -2*a - x*n - 363 = -3*a, -a + 343 = 2*n. Calculate the greatest common divisor of 26 and a.
13
Let k(q) = 2*q**3 - 6*q**2 - 12*q + 50. Let y be k(4). Let i = y - -50. What is the highest common factor of i and 105?
21
Let v(n) be the first derivative of -21 + 11*n + 1/2*n**2. Let r be v(9). Calculate the highest common factor of r and 140.
20
Suppose 3*w = -6*w + 981. Suppose -11*p + w = -10*p. Suppose 14*o - p = 1011. What is the highest common divisor of o and 5?
5
Suppose 6*a - 426 + 414 = 0. Suppose 6 = -3*b, -3*b + 242 = -a*v + 4*v. Calculate the greatest common factor of 31 and v.
31
Let w(o) = -3*o**2 + 38*o - 20. Let z be w(12). Let t = -59 - 3. Let a = -50 - t. Calculate the highest common factor of a and z.
4
Suppose 0 = 12*p - 490 + 94. Suppose p = g + 31. Suppose g*u - 4 = 2*w, 2*w + 5*u - 20 = -3*w. Calculate the greatest common divisor of w and 2.
1
Suppose 0 = 21*q + 4*q - 775. Suppose q*a - 1321 - 1004 = 0. What is the highest common factor of a and 200?
25
Let z(l) = -5*l**3 + 37*l**2 + 56*l - 379. Let v be z(6). What is the highest common divisor of v and 133?
19
Let f(r) = -r**3 - 10*r**2 - 5*r - 69. Let w be f(-15). Calculate the greatest common factor of w and 783.
87
Let z = 50 - 32. Let k = z + -15. Suppose -4*u - l = 3*l - 32, 24 = k*u +